{"id":17365,"date":"2023-05-11T13:46:05","date_gmt":"2023-05-11T11:46:05","guid":{"rendered":"https:\/\/www.musikverein-plankstadt.de\/wordpress\/?page_id=17365"},"modified":"2026-01-05T17:27:15","modified_gmt":"2026-01-05T15:27:15","slug":"orchester23","status":"publish","type":"page","link":"https:\/\/www.musikverein-plankstadt.de\/wordpress\/orchester23\/","title":{"rendered":"Orchester23"},"content":{"rendered":"\n<div class=\"wp-block-group has-light-green-cyan-background-color has-background is-vertical is-content-justification-center is-layout-flex wp-container-core-group-is-layout-ce155fab wp-block-group-is-layout-flex\">\n<h2 class=\"wp-block-heading\">Dirigent*in gesucht!<\/h2>\n\n\n\n<p class=\"has-light-green-cyan-background-color has-background\"><strong>Wir suchen eine neue Dirigentin oder einen neuen Dirigenten f\u00fcr das Orchester23!<\/strong> Weitere Infos gibt es hier: <\/p>\n\n\n\n<div class=\"wp-block-buttons is-layout-flex wp-block-buttons-is-layout-flex\">\n<div class=\"wp-block-button\"><a class=\"wp-block-button__link wp-element-button\" href=\"https:\/\/www.musikverein-plankstadt.de\/wordpress\/dirigent-gesucht\/\">Mehr erfahren&#8230;<\/a><\/div>\n<\/div>\n\n\n\n<p><\/p>\n<\/div>\n\n\n\n<p class=\"has-text-align-justify\">Im Musikverein hat sich 2023 ein neues Orchester geformt. Lange stellte man sich die Frage, was man den Musikbegeisterten und Anf\u00e4ngern anbieten kann, um eine L\u00fccke im Musikverein zu schlie\u00dfen. Man wollte sowohl junge als auch junggebliebene Menschen f\u00fcr das gemeinsame Musizieren zusammenbringen. So musizierten zuerst die jungen Musiker und Musikerinnen in einem Projekt gemeinsam. Hier wurden zu den verschiedenen Jahreszeiten deutschsprachiges und englischsprachiges Liedgut gespielt, und alle waren begeistert dabei. Es erfolgten auch Auftritte in verschiedenen karitativen Einrichtungen in der Adventszeit und Fr\u00fchlingszeit. Diese Auftritte waren f\u00fcr die Aktiven und die Zuh\u00f6rer eine Bereicherung.<\/p>\n\n\n\n<div class=\"wp-block-envira-envira-gallery\"><div id=\"envira-gallery-wrap-18487\" class=\"envira-gallery-wrap envira-gallery-theme-base envira-lightbox-theme-base\" itemscope itemtype=\"https:\/\/schema.org\/ImageGallery\"><div data-row-height=\"250\" data-gallery-theme=\"normal\" id=\"envira-gallery-18487\" class=\"envira-gallery-public envira-gallery-justified-public envira-gallery-0-columns envira-clear enviratope envira-gallery-css-animations\" data-envira-columns=\"0\"><div id=\"envira-gallery-item-17388\" class=\"envira-gallery-item enviratope-item envira-gallery-item-1 envira-lazy-load\" style=\"padding-left: 1px; padding-bottom: 1px; padding-right: 1px;\"  itemscope itemtype=\"https:\/\/schema.org\/ImageObject\"><div class=\"envira-gallery-item-inner\"><div class=\"envira-gallery-position-overlay  envira-gallery-top-left\"><\/div><div class=\"envira-gallery-position-overlay  envira-gallery-top-right\"><\/div><div class=\"envira-gallery-position-overlay  envira-gallery-bottom-left\"><\/div><div class=\"envira-gallery-position-overlay  envira-gallery-bottom-right\"><\/div><a href=\"https:\/\/www.musikverein-plankstadt.de\/wordpress\/wp-content\/uploads\/2023\/05\/IMG_1763-1.jpg\" class=\"envira-gallery-18487 envira-gallery-link\" rel=\"enviragallery18487\" title=\"Orchester23\" data-envira-caption=\"Orchester23\" data-envira-retina=\"\" data-thumbnail=\"\"  itemprop=\"contentUrl\"><img decoding=\"async\" id=\"envira-gallery-image-17388\" class=\"envira-gallery-image envira-gallery-image-1 envira-normal envira-lazy\" data-envira-index=\"1\" src=\"https:\/\/www.musikverein-plankstadt.de\/wordpress\/wp-content\/uploads\/2023\/05\/IMG_1763-1-1024x768-640x480.jpg\" data-envira-src=\"https:\/\/www.musikverein-plankstadt.de\/wordpress\/wp-content\/uploads\/2023\/05\/IMG_1763-1-1024x768-640x480.jpg\" data-envira-gallery-id=\"18487\" data-envira-item-id=\"17388\" data-envira-caption=\"Orchester23\" alt=\"\" title=\"Orchester23\"  itemprop=\"thumbnailUrl\" data-envira-srcset=\"https:\/\/www.musikverein-plankstadt.de\/wordpress\/wp-content\/uploads\/2023\/05\/IMG_1763-1-1024x768-640x480.jpg 400w,https:\/\/www.musikverein-plankstadt.de\/wordpress\/wp-content\/uploads\/2023\/05\/IMG_1763-1-1024x768-640x480.jpg 2x\" data-envira-width=\"300\" data-envira-height=\"225\" srcset=\"data:image\/gif;base64,R0lGODlhAQABAIAAAP\/\/\/\/\/\/\/yH5BAEKAAEALAAAAAABAAEAAAICTAEAOw==\" data-safe-src=\"data:image\/gif;base64,R0lGODlhAQABAIAAAP\/\/\/\/\/\/\/yH5BAEKAAEALAAAAAABAAEAAAICTAEAOw==\" \/><\/a><\/div><\/div><\/div><\/div><noscript><img decoding=\"async\" src=\"https:\/\/www.musikverein-plankstadt.de\/wordpress\/wp-content\/uploads\/2023\/05\/IMG_1763-1.jpg\" alt=\"\" \/><\/noscript><\/div>\n\n\n\n<p class=\"has-text-align-justify\">Doch der Wunsch, diese musikbegeisterte Gruppe im Musikverein fest zu etablieren, war gro\u00df und so machte man sich zuerst einmal auf die Suche nach einem festen Dirigenten. Dieser wurde in den Reihen der eigenen Musiker und Musikerinnen gefunden. Martin Fl\u00e4tgen erkl\u00e4rte sich bereit, das Dirigat von dem nun neuen Orchester zu \u00fcbernehmen. Auch wurde schnell ein Name f\u00fcr das Orchester gefunden: Orchester23. Dies ist nun eine feste Institution im Musikverein Plankstadt und probt jeden Mittwoch von 18.00 bis 20:00 Uhr im Musikraum in der Humboldt-Schule.<\/p>\n\n\n\n<div class=\"wp-block-envira-envira-gallery\"><div id=\"envira-gallery-wrap-18486\" class=\"envira-gallery-wrap envira-gallery-theme-base envira-lightbox-theme-base\" itemscope itemtype=\"https:\/\/schema.org\/ImageGallery\"><div data-row-height=\"250\" data-gallery-theme=\"normal\" id=\"envira-gallery-18486\" class=\"envira-gallery-public envira-gallery-justified-public envira-gallery-0-columns envira-clear enviratope envira-gallery-css-animations\" data-envira-columns=\"0\"><div id=\"envira-gallery-item-17385\" class=\"envira-gallery-item enviratope-item envira-gallery-item-1 envira-lazy-load\" style=\"padding-left: 1px; padding-bottom: 1px; padding-right: 1px;\"  itemscope itemtype=\"https:\/\/schema.org\/ImageObject\"><div class=\"envira-gallery-item-inner\"><div class=\"envira-gallery-position-overlay  envira-gallery-top-left\"><\/div><div class=\"envira-gallery-position-overlay  envira-gallery-top-right\"><\/div><div class=\"envira-gallery-position-overlay  envira-gallery-bottom-left\"><\/div><div class=\"envira-gallery-position-overlay  envira-gallery-bottom-right\"><\/div><a href=\"https:\/\/www.musikverein-plankstadt.de\/wordpress\/wp-content\/uploads\/2023\/05\/IMG_1762-1.jpg\" class=\"envira-gallery-18486 envira-gallery-link\" rel=\"enviragallery18486\" title=\"Orchester23\" data-envira-caption=\"Orchester23\" data-envira-retina=\"\" data-thumbnail=\"\"  itemprop=\"contentUrl\"><img decoding=\"async\" id=\"envira-gallery-image-17385\" class=\"envira-gallery-image envira-gallery-image-1 envira-normal envira-lazy\" data-envira-index=\"1\" src=\"https:\/\/www.musikverein-plankstadt.de\/wordpress\/wp-content\/uploads\/2023\/05\/IMG_1762-1-1024x768-640x480.jpg\" data-envira-src=\"https:\/\/www.musikverein-plankstadt.de\/wordpress\/wp-content\/uploads\/2023\/05\/IMG_1762-1-1024x768-640x480.jpg\" data-envira-gallery-id=\"18486\" data-envira-item-id=\"17385\" data-envira-caption=\"Orchester23\" alt=\"\" title=\"Orchester23\"  itemprop=\"thumbnailUrl\" data-envira-srcset=\"https:\/\/www.musikverein-plankstadt.de\/wordpress\/wp-content\/uploads\/2023\/05\/IMG_1762-1-1024x768-640x480.jpg 400w,https:\/\/www.musikverein-plankstadt.de\/wordpress\/wp-content\/uploads\/2023\/05\/IMG_1762-1-1024x768-640x480.jpg 2x\" data-envira-width=\"300\" data-envira-height=\"225\" srcset=\"data:image\/gif;base64,R0lGODlhAQABAIAAAP\/\/\/\/\/\/\/yH5BAEKAAEALAAAAAABAAEAAAICTAEAOw==\" data-safe-src=\"data:image\/gif;base64,R0lGODlhAQABAIAAAP\/\/\/\/\/\/\/yH5BAEKAAEALAAAAAABAAEAAAICTAEAOw==\" \/><\/a><\/div><\/div><\/div><\/div><noscript><img decoding=\"async\" src=\"https:\/\/www.musikverein-plankstadt.de\/wordpress\/wp-content\/uploads\/2023\/05\/IMG_1762-1.jpg\" alt=\"\" \/><\/noscript><\/div>\n\n\n\n<p class=\"has-text-align-justify\">Inm Orchester23 k\u00f6nnen Musikbegeisterte aller Altersklassen mitspielen. Es w\u00e4re gut, wenn man 1-2 Jahre schon das Instrument spielt. Es sind auch Wiedereinsteiger willkommen, die schon l\u00e4nger nicht mehr gespielt haben.<\/p>\n\n\n\n<p>Wir freuen uns \u00fcber Zuwachs! Alle Musikinstrumente sind willkommen!<\/p>\n\n\n\n<p class=\"has-medium-font-size\"><\/p>\n\n\n\n<p><\/p>\n\n\n\n<p><\/p>\n","protected":false},"excerpt":{"rendered":"<p>Dirigent*in gesucht! Wir suchen eine neue Dirigentin oder einen neuen Dirigenten f\u00fcr das Orchester23! Weitere Infos gibt es hier: Im Musikverein hat sich 2023 ein neues Orchester geformt. Lange stellte man sich die Frage, was man den Musikbegeisterten und Anf\u00e4ngern anbieten kann, um eine L\u00fccke im Musikverein zu schlie\u00dfen. Man wollte sowohl junge als auch [&hellip;]<\/p>\n","protected":false},"author":1,"featured_media":17387,"parent":0,"menu_order":0,"comment_status":"closed","ping_status":"closed","template":"","meta":{"footnotes":""},"class_list":["post-17365","page","type-page","status-publish","has-post-thumbnail","hentry"],"blocksy_meta":[],"_links":{"self":[{"href":"https:\/\/www.musikverein-plankstadt.de\/wordpress\/wp-json\/wp\/v2\/pages\/17365","targetHints":{"allow":["GET"]}}],"collection":[{"href":"https:\/\/www.musikverein-plankstadt.de\/wordpress\/wp-json\/wp\/v2\/pages"}],"about":[{"href":"https:\/\/www.musikverein-plankstadt.de\/wordpress\/wp-json\/wp\/v2\/types\/page"}],"author":[{"embeddable":true,"href":"https:\/\/www.musikverein-plankstadt.de\/wordpress\/wp-json\/wp\/v2\/users\/1"}],"replies":[{"embeddable":true,"href":"https:\/\/www.musikverein-plankstadt.de\/wordpress\/wp-json\/wp\/v2\/comments?post=17365"}],"version-history":[{"count":19,"href":"https:\/\/www.musikverein-plankstadt.de\/wordpress\/wp-json\/wp\/v2\/pages\/17365\/revisions"}],"predecessor-version":[{"id":29286,"href":"https:\/\/www.musikverein-plankstadt.de\/wordpress\/wp-json\/wp\/v2\/pages\/17365\/revisions\/29286"}],"wp:featuredmedia":[{"embeddable":true,"href":"https:\/\/www.musikverein-plankstadt.de\/wordpress\/wp-json\/wp\/v2\/media\/17387"}],"wp:attachment":[{"href":"https:\/\/www.musikverein-plankstadt.de\/wordpress\/wp-json\/wp\/v2\/media?parent=17365"}],"curies":[{"name":"wp","href":"https:\/\/api.w.org\/{rel}","templated":true}]}}

<div class="wp-block-group has-light-green-cyan-background-color has-background is-vertical is-content-justification-center is-layout-flex wp-container-core-group-is-layout-ce155fab wp-block-group-is-layout-flex">
<h2 class="wp-block-heading">Dirigent*in gesucht!</h2>



<p class="has-light-green-cyan-background-color has-background"><strong>Wir suchen eine neue Dirigentin oder einen neuen Dirigenten für das Orchester23!</strong> Weitere Infos gibt es hier: </p>



<div class="wp-block-buttons is-layout-flex wp-block-buttons-is-layout-flex">
<div class="wp-block-button"><a class="wp-block-button__link wp-element-button" href="https://www.musikverein-plankstadt.de/wordpress/dirigent-gesucht/">Mehr erfahren&#8230;</a></div>
</div>



<p></p>
</div>



<p class="has-text-align-justify">Im Musikverein hat sich 2023 ein neues Orchester geformt. Lange stellte man sich die Frage, was man den Musikbegeisterten und Anfängern anbieten kann, um eine Lücke im Musikverein zu schließen. Man wollte sowohl junge als auch junggebliebene Menschen für das gemeinsame Musizieren zusammenbringen. So musizierten zuerst die jungen Musiker und Musikerinnen in einem Projekt gemeinsam. Hier wurden zu den verschiedenen Jahreszeiten deutschsprachiges und englischsprachiges Liedgut gespielt, und alle waren begeistert dabei. Es erfolgten auch Auftritte in verschiedenen karitativen Einrichtungen in der Adventszeit und Frühlingszeit. Diese Auftritte waren für die Aktiven und die Zuhörer eine Bereicherung.</p>



<div class="wp-block-envira-envira-gallery"><div id="envira-gallery-wrap-18487" class="envira-gallery-wrap envira-gallery-theme-base envira-lightbox-theme-base" itemscope itemtype="https://schema.org/ImageGallery"><div data-row-height="250" data-gallery-theme="normal" id="envira-gallery-18487" class="envira-gallery-public envira-gallery-justified-public envira-gallery-0-columns envira-clear enviratope envira-gallery-css-animations" data-envira-columns="0"><div id="envira-gallery-item-17388" class="envira-gallery-item enviratope-item envira-gallery-item-1 envira-lazy-load" style="padding-left: 1px; padding-bottom: 1px; padding-right: 1px;"  itemscope itemtype="https://schema.org/ImageObject"><div class="envira-gallery-item-inner"><div class="envira-gallery-position-overlay  envira-gallery-top-left"></div><div class="envira-gallery-position-overlay  envira-gallery-top-right"></div><div class="envira-gallery-position-overlay  envira-gallery-bottom-left"></div><div class="envira-gallery-position-overlay  envira-gallery-bottom-right"></div><a href="https://www.musikverein-plankstadt.de/wordpress/wp-content/uploads/2023/05/IMG_1763-1.jpg" class="envira-gallery-18487 envira-gallery-link" rel="enviragallery18487" title="Orchester23" data-envira-caption="Orchester23" data-envira-retina="" data-thumbnail=""  itemprop="contentUrl"><img decoding="async" id="envira-gallery-image-17388" class="envira-gallery-image envira-gallery-image-1 envira-normal envira-lazy" data-envira-index="1" src="https://www.musikverein-plankstadt.de/wordpress/wp-content/uploads/2023/05/IMG_1763-1-1024x768-640x480.jpg" data-envira-src="https://www.musikverein-plankstadt.de/wordpress/wp-content/uploads/2023/05/IMG_1763-1-1024x768-640x480.jpg" data-envira-gallery-id="18487" data-envira-item-id="17388" data-envira-caption="Orchester23" alt="" title="Orchester23"  itemprop="thumbnailUrl" data-envira-srcset="https://www.musikverein-plankstadt.de/wordpress/wp-content/uploads/2023/05/IMG_1763-1-1024x768-640x480.jpg 400w,https://www.musikverein-plankstadt.de/wordpress/wp-content/uploads/2023/05/IMG_1763-1-1024x768-640x480.jpg 2x" data-envira-width="300" data-envira-height="225" srcset="data:image/gif;base64,R0lGODlhAQABAIAAAP///////yH5BAEKAAEALAAAAAABAAEAAAICTAEAOw==" data-safe-src="data:image/gif;base64,R0lGODlhAQABAIAAAP///////yH5BAEKAAEALAAAAAABAAEAAAICTAEAOw==" /></a></div></div></div></div><noscript><img decoding="async" src="https://www.musikverein-plankstadt.de/wordpress/wp-content/uploads/2023/05/IMG_1763-1.jpg" alt="" /></noscript></div>



<p class="has-text-align-justify">Doch der Wunsch, diese musikbegeisterte Gruppe im Musikverein fest zu etablieren, war groß und so machte man sich zuerst einmal auf die Suche nach einem festen Dirigenten. Dieser wurde in den Reihen der eigenen Musiker und Musikerinnen gefunden. Martin Flätgen erklärte sich bereit, das Dirigat von dem nun neuen Orchester zu übernehmen. Auch wurde schnell ein Name für das Orchester gefunden: Orchester23. Dies ist nun eine feste Institution im Musikverein Plankstadt und probt jeden Mittwoch von 18.00 bis 20:00 Uhr im Musikraum in der Humboldt-Schule.</p>



<div class="wp-block-envira-envira-gallery"><div id="envira-gallery-wrap-18486" class="envira-gallery-wrap envira-gallery-theme-base envira-lightbox-theme-base" itemscope itemtype="https://schema.org/ImageGallery"><div data-row-height="250" data-gallery-theme="normal" id="envira-gallery-18486" class="envira-gallery-public envira-gallery-justified-public envira-gallery-0-columns envira-clear enviratope envira-gallery-css-animations" data-envira-columns="0"><div id="envira-gallery-item-17385" class="envira-gallery-item enviratope-item envira-gallery-item-1 envira-lazy-load" style="padding-left: 1px; padding-bottom: 1px; padding-right: 1px;"  itemscope itemtype="https://schema.org/ImageObject"><div class="envira-gallery-item-inner"><div class="envira-gallery-position-overlay  envira-gallery-top-left"></div><div class="envira-gallery-position-overlay  envira-gallery-top-right"></div><div class="envira-gallery-position-overlay  envira-gallery-bottom-left"></div><div class="envira-gallery-position-overlay  envira-gallery-bottom-right"></div><a href="https://www.musikverein-plankstadt.de/wordpress/wp-content/uploads/2023/05/IMG_1762-1.jpg" class="envira-gallery-18486 envira-gallery-link" rel="enviragallery18486" title="Orchester23" data-envira-caption="Orchester23" data-envira-retina="" data-thumbnail=""  itemprop="contentUrl"><img decoding="async" id="envira-gallery-image-17385" class="envira-gallery-image envira-gallery-image-1 envira-normal envira-lazy" data-envira-index="1" src="https://www.musikverein-plankstadt.de/wordpress/wp-content/uploads/2023/05/IMG_1762-1-1024x768-640x480.jpg" data-envira-src="https://www.musikverein-plankstadt.de/wordpress/wp-content/uploads/2023/05/IMG_1762-1-1024x768-640x480.jpg" data-envira-gallery-id="18486" data-envira-item-id="17385" data-envira-caption="Orchester23" alt="" title="Orchester23"  itemprop="thumbnailUrl" data-envira-srcset="https://www.musikverein-plankstadt.de/wordpress/wp-content/uploads/2023/05/IMG_1762-1-1024x768-640x480.jpg 400w,https://www.musikverein-plankstadt.de/wordpress/wp-content/uploads/2023/05/IMG_1762-1-1024x768-640x480.jpg 2x" data-envira-width="300" data-envira-height="225" srcset="data:image/gif;base64,R0lGODlhAQABAIAAAP///////yH5BAEKAAEALAAAAAABAAEAAAICTAEAOw==" data-safe-src="data:image/gif;base64,R0lGODlhAQABAIAAAP///////yH5BAEKAAEALAAAAAABAAEAAAICTAEAOw==" /></a></div></div></div></div><noscript><img decoding="async" src="https://www.musikverein-plankstadt.de/wordpress/wp-content/uploads/2023/05/IMG_1762-1.jpg" alt="" /></noscript></div>



<p class="has-text-align-justify">Inm Orchester23 können Musikbegeisterte aller Altersklassen mitspielen. Es wäre gut, wenn man 1-2 Jahre schon das Instrument spielt. Es sind auch Wiedereinsteiger willkommen, die schon länger nicht mehr gespielt haben.</p>



<p>Wir freuen uns über Zuwachs! Alle Musikinstrumente sind willkommen!</p>



<p class="has-medium-font-size"></p>



<p></p>



<p></p>

<p>Dirigent*in gesucht! Wir suchen eine neue Dirigentin oder einen neuen Dirigenten für das Orchester23! Weitere Infos gibt es hier: Im Musikverein hat sich 2023 ein neues Orchester geformt. Lange stellte man sich die Frage, was man den Musikbegeisterten und Anfängern anbieten kann, um eine Lücke im Musikverein zu schließen. Man wollte sowohl junge als auch [&hellip;]</p>
